{"id":26022,"date":"2024-07-11T19:52:25","date_gmt":"2024-07-11T18:52:25","guid":{"rendered":"https:\/\/praxistrade.eu\/product\/barreras-contra-inundaciones\/"},"modified":"2024-07-11T19:52:25","modified_gmt":"2024-07-11T18:52:25","slug":"barreras-contra-inundaciones","status":"publish","type":"product","link":"https:\/\/praxistrade.eu\/es\/producto\/barreras-contra-inundaciones\/","title":{"rendered":"Barreras contra inundaciones"},"content":{"rendered":"<ul>\n<li class=\"a-spacing-mini\"><span class=\"a-list-item\">Sin arena, sin trabajo pesado: la barrera contra inundaciones LABA-TEX es la alternativa moderna a los sacos de arena. Sin arrastrar ni almacenar arena: colocar, a\u00f1adir agua y comienza la protecci\u00f3n. <\/span><\/li>\n<li class=\"a-spacing-mini\"><span class=\"a-list-item\">R\u00c1PIDA ACTIVACI\u00d3N Y CRECIMIENTO: En contacto con el agua, la barrera crece hasta alcanzar su tama\u00f1o m\u00e1ximo en cuesti\u00f3n de minutos para absorber, desviar y bloquear el agua con eficacia.<\/span><\/li>\n<li class=\"a-spacing-mini\"><span class=\"a-list-item\">Compactas y f\u00e1ciles de guardar: estas barreras ahorradoras de agua ocupan poco espacio, son f\u00e1ciles de transportar y est\u00e1n siempre listas para usar, tanto en interiores como en exteriores.<\/span><\/li>\n<li class=\"a-spacing-mini\"><span class=\"a-list-item\">Uso vers\u00e1til: perfecto para proteger puertas, garajes, s\u00f3tanos y mucho m\u00e1s. Tambi\u00e9n es ideal para controlar la erosi\u00f3n y para preparativos de emergencia. <\/span><\/li>\n<li class=\"a-spacing-mini\"><span class=\"a-list-item\">Robustos y reutilizables: fabricados con materiales duraderos resistentes a los rayos UV y que permiten un uso a largo plazo. Ideales para proyectos planificados o como respuesta de emergencia. <\/span><\/li>\n<\/ul>\n","protected":false},"excerpt":{"rendered":"<p>Sin Arena, Soluci\u00f3n Eficaz para una R\u00e1pida Protecci\u00f3n contra Inundaciones (6 Piezas, 50 x 25 cm, 5 L) &#8211; Protecci\u00f3n Fiable para Puertas, S\u00f3tanos y Ventanas<\/p>\n","protected":false},"featured_media":22213,"comment_status":"open","ping_status":"closed","template":"","meta":[],"product_brand":[],"product_cat":[1277],"product_tag":[],"class_list":{"0":"post-26022","1":"product","2":"type-product","3":"status-publish","4":"has-post-thumbnail","6":"product_cat-casa-y-coche","8":"first","9":"instock","10":"shipping-taxable","11":"purchasable","12":"product-type-variable"},"_links":{"self":[{"href":"https:\/\/praxistrade.eu\/es\/wp-json\/wp\/v2\/product\/26022","targetHints":{"allow":["GET"]}}],"collection":[{"href":"https:\/\/praxistrade.eu\/es\/wp-json\/wp\/v2\/product"}],"about":[{"href":"https:\/\/praxistrade.eu\/es\/wp-json\/wp\/v2\/types\/product"}],"replies":[{"embeddable":true,"href":"https:\/\/praxistrade.eu\/es\/wp-json\/wp\/v2\/comments?post=26022"}],"wp:featuredmedia":[{"embeddable":true,"href":"https:\/\/praxistrade.eu\/es\/wp-json\/wp\/v2\/media\/22213"}],"wp:attachment":[{"href":"https:\/\/praxistrade.eu\/es\/wp-json\/wp\/v2\/media?parent=26022"}],"wp:term":[{"taxonomy":"product_brand","embeddable":true,"href":"https:\/\/praxistrade.eu\/es\/wp-json\/wp\/v2\/product_brand?post=26022"},{"taxonomy":"product_cat","embeddable":true,"href":"https:\/\/praxistrade.eu\/es\/wp-json\/wp\/v2\/product_cat?post=26022"},{"taxonomy":"product_tag","embeddable":true,"href":"https:\/\/praxistrade.eu\/es\/wp-json\/wp\/v2\/product_tag?post=26022"}],"curies":[{"name":"wp","href":"https:\/\/api.w.org\/{rel}","templated":true}]}}

<ul>
<li class="a-spacing-mini"><span class="a-list-item">Sin arena, sin trabajo pesado: la barrera contra inundaciones LABA-TEX es la alternativa moderna a los sacos de arena. Sin arrastrar ni almacenar arena: colocar, añadir agua y comienza la protección. </span></li>
<li class="a-spacing-mini"><span class="a-list-item">RÁPIDA ACTIVACIÓN Y CRECIMIENTO: En contacto con el agua, la barrera crece hasta alcanzar su tamaño máximo en cuestión de minutos para absorber, desviar y bloquear el agua con eficacia.</span></li>
<li class="a-spacing-mini"><span class="a-list-item">Compactas y fáciles de guardar: estas barreras ahorradoras de agua ocupan poco espacio, son fáciles de transportar y están siempre listas para usar, tanto en interiores como en exteriores.</span></li>
<li class="a-spacing-mini"><span class="a-list-item">Uso versátil: perfecto para proteger puertas, garajes, sótanos y mucho más. También es ideal para controlar la erosión y para preparativos de emergencia. </span></li>
<li class="a-spacing-mini"><span class="a-list-item">Robustos y reutilizables: fabricados con materiales duraderos resistentes a los rayos UV y que permiten un uso a largo plazo. Ideales para proyectos planificados o como respuesta de emergencia. </span></li>
</ul>

<p>Sin Arena, Solución Eficaz para una Rápida Protección contra Inundaciones (6 Piezas, 50 x 25 cm, 5 L) &#8211; Protección Fiable para Puertas, Sótanos y Ventanas</p>
